s divided by 26?
15
What is the remainder when 297 is divided by 75?
72
Calculate the remainder when 1665 is divided by 30.
15
What is the remainder when 154 is divided by 141?
13
Calculate the remainder when 1106 is divided by 5.
1
Calculate the remainder when 367 is divided by 30.
7
What is the remainder when 633 is divided by 128?
121
What is the remainder when 139 is divided by 49?
41
What is the remainder when 73 is divided by 46?
27
What is the remainder when 82 is divided by 21?
19
What is the remainder when 178 is divided by 112?
66
What is the remainder when 7382 is divided by 52?
50
Calculate the remainder when 413 is divided by 226.
187
What is the remainder when 528 is divided by 133?
129
Calculate the remainder when 294 is divided by 281.
13
Calculate the remainder when 444 is divided by 18.
12
What is the remainder when 143 is divided by 37?
32
What is the remainder when 736 is divided by 18?
16
Calculate the remainder when 190 is divided by 44.
14
Calculate the remainder when 4324 is divided by 539.
12
What is the remainder when 229 is divided by 31?
12
Calculate the remainder when 1089 is divided by 26.
23
What is the remainder when 399 is divided by 213?
186
Calculate the remainder when 147 is divided by 22.
15
What is the remainder when 485 is divided by 193?
99
Calculate the remainder when 1380 is divided by 20.
0
Calculate the remainder when 145 is divided by 49.
47
Calculate the remainder when 477 is divided by 159.
0
Calculate the remainder when 419 is divided by 21.
20
What is the remainder when 279 is divided by 46?
3
Calculate the remainder when 534 is divided by 195.
144
What is the remainder when 108 is divided by 47?
14
What is the remainder when 655 is divided by 13?
5
What is the remainder when 265 is divided by 38?
37
Calculate the remainder when 105 is divided by 8.
1
What is the remainder when 712 is divided by 42?
40
What is the remainder when 136 is divided by 25?
11
Calculate the remainder when 6725 is divided by 31.
29
Calculate the remainder when 60 is divided by 23.
14
What is the remainder when 715 is divided by 22?
11
What is the remainder when 194 is divided by 112?
82
Calculate the remainder when 2685 is divided by 34.
33
What is the remainder when 1536 is divided by 260?
236
What is the remainder when 69 is divided by 12?
9
What is the remainder when 153 is divided by 27?
18
What is the remainder when 60 is divided by 38?
22
Calculate the remainder when 14271 is divided by 366.
363
Calculate the remainder when 345 is divided by 14.
9
Calculate the remainder when 2593 is divided by 31.
20
Calculate the remainder when 575 is divided by 17.
14
Calculate the remainder when 79 is divided by 50.
29
What is the remainder when 154 is divided by 91?
63
What is the remainder when 3562 is divided by 299?
273
Calculate the remainder when 100 is divided by 37.
26
Calculate the remainder when 74271 is divided by 289.
287
What is the remainder when 2185 is divided by 727?
4
What is the remainder when 2606 is divided by 16?
14
What is the remainder when 1525 is divided by 477?
94
What is the remainder when 106 is divided by 27?
25
Calculate the remainder when 1697 is divided by 100.
97
What is the remainder when 979 is divided by 141?
133
Calculate the remainder when 4768 is divided by 207.
7
What is the remainder when 419 is divided by 61?
53
What is the remainder when 79037 is divided by 152?
149
What is the remainder when 160 is divided by 77?
6
What is the remainder when 301 is divided by 16?
13
What is the remainder when 94 is divided by 28?
10
What is the remainder when 38110 is divided by 12?
10
Calculate the remainder when 360 is divided by 54.
36
Calculate the remainder when 459 is divided by 108.
27
What is the remainder when 606 is divided by 68?
62
Calculate the remainder when 241 is divided by 93.
55
What is the remainder when 795 is divided by 19?
16
Calculate the remainder when 467 is divided by 36.
35
What is the remainder when 1633 is divided by 43?
42
Calculate the remainder when 12147 is divided by 50.
47
Calculate the remainder when 27524 is divided by 296.
292
Calculate the remainder when 1175 is divided by 39.
5
Calculate the remainder when 854 is divided by 123.
116
What is the remainder when 73 is divided by 46?
27
Calculate the remainder when 347 is divided by 58.
57
What is the remainder when 516 is divided by 39?
9
What is the remainder when 118 is divided by 30?
28
Calculate the remainder when 439 is divided by 22.
21
Calculate the remainder when 644 is divided by 30.
14
What is the remainder when 251 is divided by 119?
13
What is the remainder when 1253 is divided by 4?
1
What is the remainder when 66 is divided by 23?
20
Calculate the remainder when 103 is divided by 36.
31
Calculate the remainder when 10144 is divided by 267.
265
Calculate the remainder when 1078 is divided by 51.
7
What is the remainder when 1071 is divided by 90?
81
What is the remainder when 1013 is divided by 373?
267
What is the remainder when 61 is divided by 34?
27
Calculate the remainder when 240 is divided by 52.
32
Calculate the remainder when 525 is divided by 51.
15
What is the remainder when 211 is divided by 75?
61
Calculate the remainder when 91 is divided by 59.
32
Calculate the remainder when 213 is divided by 57.
42
Calculate the remainder when 105 is divided by 24.
9
What is the remainder when 344 is divided by 82?
16
Calculate the remainder when 741 is divided by 423.
318
Calculate the remainder when 44591 is divided by 45.
41
What is the remainder when 824 is divided by 141?
119
What is the remainder when 202 is divided by 47?
14
What is the remainder when 585 is divided by 489?
96
What is the remainder when 702 is divided by 8?
6
Calculate the remainder when 142 is divided by 73.
69
What is the remainder when 12736 is divided by 49?
45
Calculate the remainder when 244 is divided by 31.
27
What is the remainder when 1481 is divided by 28?
25
What is the remainder when 15799 is divided by 79?
78
What is the remainder when 287 is divided by 283?
4
What is the remainder when 175 is divided by 12?
7
Calculate the remainder when 174 is divided by 138.
36
What is the remainder when 10359 is divided by 10?
9
What is the remainder when 708 is divided by 160?
68
What is the remainder when 612 is divided by 150?
12
What is the remainder when 82 is divided by 25?
7
Calculate the remainder when 203 is divided by 36.
23
Calculate the remainder when 1590 is divided by 388.
38
What is the remainder when 479 is divided by 35?
24
What is the remainder when 88 is divided by 43?
2
Calculate the remainder when 1588 is divided by 30.
28
Calculate the remainder when 202 is divided by 40.
2
What is the remainder when 182 is divided by 28?
14
What is the remainder when 116 is divided by 38?
2
What is the remainder when 10964 is divided by 51?
50
What is the remainder when 1026 is divided by 334?
24
Calculate the remainder when 2830 is divided by 8.
6
Calculate the remainder when 9242 is divided by 1540.
2
Calculate the remainder when 103 is divided by 82.
21
Calculate the remainder when 242 is divided by 7.
4
Calculate the remainder when 722 is divided by 16.
2
Calculate the remainder when 32 is divided by 24.
8
Calculate the remainder when 984 is divided by 141.
138
Calculate the remainder when 389 is divided by 29.
12
What is the remainder when 166 is divided by 22?
12
Calculate the remainder when 43194 is divided by 51.
48
Calculate the remainder when 468 is divided by 11.
6
Calculate the remainder when 815 is divided by 263.
26
Calculate the remainder when 232 is divided by 39.
37
What is the remainder when 765 is divided by 64?
61
Calculate the remainder when 432 is divided by 15.
12
Calculate the remainder when 1572 is divided by 35.
32
What is the remainder when 299 is divided by 173?
126
Calculate the remainder when 605 is divided by 191.
32
What is the remainder when 8953 is divided by 11?
10
Calculate the remainder when 906 is divided by 16.
10
What is the remainder when 1211 is divided by 42?
35
Calculate the remainder when 773 is divided by 87.
77
Calculate the remainder when 20 is divided by 18.
2
Calculate the remainder when 628 is divided by 14.
12
Calculate the remainder when 685 is divided by 19.
1
W